(l) = -2241*l + 17935. What is u(8)?
7
Let a(h) = 7*h**3 + 9*h**2 - 7*h - 19. Calculate a(-2).
-25
Let h(f) = 20*f**2 + 35*f + 234. Give h(-5).
559
Let l(n) = -n**2 - 836*n - 4972. Determine l(-6).
8
Let f(l) = -2*l**2 - 29*l + 67. Give f(-14).
81
Let x(m) = -m**2 - 126*m - 366. What is x(-3)?
3
Let w(n) = -8*n + 56. Give w(30).
-184
Let a(l) = -2726*l - 10905. Give a(-4).
-1
Let q(r) = 3141*r - 12549. What is q(4)?
15
Let g(o) = -12*o - 1421. Determine g(-131).
151
Let q(f) = -2*f**3 - 81*f**2 + 37*f - 227. Determine q(-41).
-63
Let n(d) = -3*d**2 + 43*d - 50. Calculate n(16).
-130
Let z(k) = -673*k - 2020. Determine z(-3).
-1
Let d(s) = -4*s**2 - 99*s + 595. What is d(5)?
0
Let b(x) = 2*x**3 - 7*x - 5. Give b(-1).
0
Let o(n) = 58*n - 42. Determine o(1).
16
Let y(j) = -j**2 + 230*j - 3. Determine y(0).
-3
Let j(o) = -o**3 - 9*o**2 + 5*o + 4. Give j(-5).
-121
Let i(o) = 30*o - 173. Give i(7).
37
Let w(o) = -10*o**2 - 891*o + 44. Determine w(-89).
133
Let a(z) = 123*z + 7447. Give a(-61).
-56
Let h(n) = -3*n**2 + 34*n - 16. Give h(11).
-5
Let l(y) = -y**3 + 18*y**2 - 23*y - 64. What is l(17)?
-166
Let v(x) = -8*x**2 - 68*x + 416. Give v(5).
-124
Let v(n) = 114*n - 4549. Calculate v(39).
-103
Let t(l) = l**3 - 171*l**2 - 484*l + 53667. Calculate t(172).
3
Let c(w) = w**3 - 21*w**2 + 53*w + 458. Determine c(16).
26
Let d(z) = 2*z**2 - 511*z - 4203. Determine d(-8).
13
Let t(g) = -g**2 - 28*g - 6. Calculate t(-28).
-6
Let f(t) = t**2 + 9*t - 26. Give f(13).
260
Let a(h) = -29*h**2 - 5*h + 25. Determine a(3).
-251
Let w(n) = 2347*n - 2344. Calculate w(1).
3
Let j(f) = f**3 - 7*f**2 - 20*f + 8. What is j(-4)?
-88
Let f(c) = -c**3 + 20*c**2 - 18*c - 62. Give f(19).
-43
Let v(t) = -2*t**2 + 70*t - 8. What is v(0)?
-8
Let k(d) = -14*d**2 + 54*d - 2. Give k(4).
-10
Let q(p) = -2*p**2 + 20*p - 41. What is q(13)?
-119
Let c(b) = 2*b**2 - 15*b - 7. Calculate c(8).
1
Let f(h) = 136*h - 114. Give f(5).
566
Let m(g) = -6245*g - 6267. Determine m(-1).
-22
Let t(j) = -16*j**2 - 10*j + 57. What is t(4)?
-239
Let x(q) = 12*q - 349. What is x(36)?
83
Let u(f) = 107*f + 1581. Determine u(-19).
-452
Let k(i) = -465*i + 574. Give k(1).
109
Let g(i) = i**3 - 31*i**2 + 79*i + 133. Calculate g(28).
-7
Let p(i) = -793*i + 126. Calculate p(1).
-667
Let b(i) = -2*i**3 - 2*i**2 + 6*i - 6. Give b(-4).
66
Let y(a) = 21*a**3 + 11*a**2 - 24*a + 2. Determine y(2).
166
Let v(d) = -132*d - 1213. Calculate v(-9).
-25
Let p(o) = 2*o**3 - 3*o**2 + 72*o - 140. Determine p(2).
8
Let z(d) = d**2 + 101*d + 1994. Give z(-27).
-4
Let q(s) = -2*s**3 - 27*s**2 + 10*s + 335. Calculate q(-13).
36
Let m(u) = 5*u**2 - 741*u - 2944. Determine m(-4).
100
Let w(i) = 418*i - 1709. Determine w(4).
-37
Let f(c) = c**3 - 3*c**2 - 70*c + 267. Calculate f(5).
-33
Let n(c) = -c**3 + 5*c**2 + c - 36. Determine n(4).
-16
Let h(u) = 6*u**2 - 24*u - 56. What is h(6)?
16
Let a(i) = -46*i + 358. Determine a(8).
-10
Let p(b) = 4*b**3 - 317*b**2 + 380*b + 773. Calculate p(78).
-7
Let w(v) = -v**3 + 6*v**2 + 191*v + 49. What is w(-11)?
5
Let a(r) = -7*r + 755. Calculate a(25).
580
Let g(z) = z**3 - 11*z**2 + 15*z - 14. Calculate g(6).
-104
Let n(d) = -d**3 + 3*d**2 + 20*d - 56. What is n(5)?
-6
Let j(o) = 64*o**2 + 522*o - 9. What is j(-8)?
-89
Let b(a) = 12*a**2 - 1119*a - 1119. Determine b(-1).
12
Let w(l) = 316*l**2 + 14*l - 4. Determine w(1).
326
Let a(z) = -3*z**2 + 60*z - 8. What is a(3)?
145
Let t(j) = -108*j + 9940. What is t(92)?
4
Let f(j) = j**2 - 7*j - 1824. Give f(-39).
-30
Let g(m) = 3*m + 138. Give g(-8).
114
Let f(b) = -b**2 - 208*b + 4546. Calculate f(20).
-14
Let j(p) = p**2 + 132*p - 3. Give j(0).
-3
Let y(c) = -20*c + 551. What is y(25)?
51
Let g(a) = -69*a + 3888. Give g(56).
24
Let q(j) = -2*j**3 + 225*j**2 + 2853*j - 119. What is q(124)?
5
Let n(h) = -2*h**3 - h**2 + 3*h + 5. Give n(3).
-49
Let c(z) = -23*z**2 + 110*z + 34. Give c(5).
9
Let b(z) = 5*z - 61. Determine b(2).
-51
Let l(h) = 20*h - 2659. Give l(133).
1
Let a(j) = -j**3 + 30*j**2 - 2*j + 34. Give a(30).
-26
Let q(t) = -2*t**2 + 13*t - 142. Determine q(13).
-311
Let m(i) = 9*i**2 + 111*i + 326. Give m(-4).
26
Let n(y) = y**2 - 64*y + 1230. Determine n(22).
306
Let l(a) = -a**2 - 16*a - 35. Give l(-12).
13
Let n(i) = i**3 + 20*i**2 - 91*i - 3. What is n(-24)?
-123
Let i(g) = 9*g**2 - 9*g + 76. Determine i(6).
346
Let s(b) = -b**3 - 28*b**2 - 120*b + 5. Give s(-21).
-562
Let l(t) = -t**3 + 4*t**2 - 35*t - 80. Calculate l(-2).
14
Let k(y) = 2*y**3 - 22*y**2 + 72*y - 510. Determine k(10).
10
Let j(q) = 2*q**3 - 3*q**2 + 7*q - 23. What is j(2)?
-5
Let f(p) = -p**3 + 9*p**2 + 86*p - 662. Determine f(11).
42
Let b(s) = -2*s**2 + 89*s + 491. What is b(50)?
-59
Let c(o) = -o**3 + 81*o**2 - 239*o + 9. Determine c(3).
-6
Let s(j) = -50*j - 238. Determine s(-5).
12
Let f(v) = -16*v**2 - 34*v - 37. Calculate f(-1).
-19
Let n(z) = -18*z**2 + 13*z + 2. What is n(5)?
-383
Let c(o) = 50*o - 5063. What is c(105)?
187
Let r(y) = -23*y + 160. What is r(0)?
160
Let g(u) = u**3 + 68*u**2 - 7492*u + 123. Calculate g(-127).
-4
Let w(i) = 5*i + 125. What is w(-18)?
35
Let l(t) = 8*t**2 - 79*t + 82. Calculate l(9).
19
Let d(k) = k**3 + 30*k**2 + 187*k + 115. Calculate d(-8).
27
Let p(x) = x**2 + 8*x - 4. What is p(-17)?
149
Let i(q) = -2*q**2 - 6*q + 157. Calculate i(9).
-59
Let v(l) = 2*l**2 + 240*l - 3455. Calculate v(13).
3
Let c(g) = -g**3 + 907*g**2 - 2717*g. Determine c(3).
-15
Let k(w) = -w**3 - 14*w**2 - 5*w + 15. Give k(-13).
-89
Let a(z) = -7*z**3 + 249*z**2 + 126*z - 655. What is a(36)?
-7
Let u(m) = m**3 + 14*m**2 - 172*m + 85. Determine u(-22).
-3
Let o(w) = w**3 - 38*w**2 + 8*w + 225. Determine o(38).
529
Let l(c) = 25*c**2 + 22*c - 60. Give l(3).
231
Let t(g) = -15*g + 753. Give t(50).
3
Let a(l) = -2*l**2 - 75*l - 211. Calculate a(-34).
27
Let o(z) = 36*z - 1577. Calculate o(44).
7
Let b(t) = -4*t**2 - 18*t + 50. Give b(3).
-40
Let w(q) = 24*q. What is w(1)?
24
Let z(x) = -x**3 - 132*x**2 - 529*x - 2169. What is z(-128)?
7
Let m(p) = -p**3 - 39*p**2 + 7*p + 78. Give m(-39).
-195
Let q(t) = t**3 + 17*t**2 - 112*t - 38. Give q(-22).
6
Let b(p) = 26*p**2 + 134*p + 271. Determine b(-2).
107
Let k(a) = 3*a**3 - 147*a**2 - 3*a + 165. Give k(49).
18
Let j(f) = -80*f**2 + 201*f + 104. Calculate j(3).
-13
Let y(k) = k**3 - 4*k - 18. Determine y(0).
-18
Let d(l) = -12*l**3 - 165*l**2 + 34*l - 71. Calculate d(-14).
41
Let s(y) = y**3 - 113*y**2 - 1650*y + 1511. Give s(126).
-1
Let a(p) = p**3 + 4*p**2 - 61*p - 6. Calculate a(-10).
4
Let h(m) = 2*m**2 + 10*m + 11. What is h(-10)?
111
Let v(x) = -357*x + 14295. Calculate v(40).
15
Let g(u) = u**3 + 22*u**2 + 35*u - 15. What is g(-20)?
85
Let i(b) = b**3 + 2*b**2 - 29*b - 96. Calculate i(0).
-96
Let c(u) = 5*u**3 - 173*u - 341. Calculate c(-2).
-35
Let g(k) = -49*k - 987. Give g(-20).
-7
Let s(b) = -4424*b - 269869. Calculate s(-61).
-5
Let n(s) = -s**3 - 2*s + 42. Calculate n(6).
-186
Let p(l) = -18*l - 595. Calculate p(-38).
89
Let k(x) = 25*x**2 - 336*x + 31. Give k(13).
-112
Let f(y) = -33*y**2 + 168*y + 14. What is f(5)?
29
Let s(h) = 59*h**3 - 4*h**2 + 3*h - 3. Determine s(1).
55
Let p(w) = w**2 - 114*w + 3148. Give p(68).
20
Let a(w) = 24*w**2 - 78*w + 9. Determine a(3).
-9
Let x(w) = -36*w - 1757. Determine x(-43).
-209
Let y(i) = 70*i - 9188. Calculate y(131).
-18
Let z(w) = -w**2 - 173*w - 1536. Calculate z(-10).
94
Let m(j) = -1407*j + 9861. Give m(7).
12
Let v(o) = 2*o**3 - 86*o - 4. Give v(0).
-4
Let g(x) = 78*x + 1414. Determine g(-18).
10
Let q(i) = -8*i**3 - 65*i**2 + 3*i + 101. Determine q(-8).
13
Let b(g) = -4590*g + 4589. Determine b(1).
-1
Let t(y) = -y**3 + 92*y**2 - 600*y + 43. Give t(7).
8
Let b(o) = o**2 - 17*o - 106. Give b(21).
-22
Let y(u) = 102*u - 3272. Give y(32).
-8
Let s(a) = 20*a + 889. What is s(-43)?
29
Let r(m) = 2*m**3 - 23*m**2 - 54*m - 174. Calculate r(14).
50
Let l(k) = 4*k + 248. Calculate l(-36).
104
Let i(w) = -3*w**3 - 3*w**2 + 6*w - 25. What is i(4)?
-241
Let a(w) = 4*w**3 + 16*w**2 + 46*w - 61. Calculate a(1).
5
Let y(o) = 935*o - 1886. Calculate y(2).
-16
Let v(x) = x**3 + 13*x**2 + 5*x - 25. What is v(-13)?
-90
Let g(b) = b**3 - 28*b**2 + 19*b - 110. Calculate g(27).
-326
Let y(l) = -4*l**3 - 7*l**2 + 14*l + 11. What is y(-2)?
-13
Let d(g) = 2*g**2 - 5